{"id":152,"date":"2016-12-14T13:10:36","date_gmt":"2016-12-14T13:10:36","guid":{"rendered":"http:\/\/recycle.orionthemes.com\/demo-1\/?page_id=152"},"modified":"2022-06-09T20:58:50","modified_gmt":"2022-06-09T18:58:50","slug":"about","status":"publish","type":"page","link":"http:\/\/plasticom.com.pl\/index.php\/about\/","title":{"rendered":"O NAS"},"content":{"rendered":"<div id=\"pl-152\"  class=\"panel-layout\" ><div id=\"pg-152-0\"  class=\"panel-grid panel-has-style\" ><div class=\"siteorigin-panels-stretch tablet-1-in-row mobile-1-in-row desktop-default overlay-dark panel-row-style panel-row-style-for-152-0\" style=\"background-position: center center; background-repeat: no-repeat; background-size:cover;\" data-stretch-type=\"full\" ><div id=\"pgc-152-0-0\"  class=\"panel-grid-cell panel-grid-cell-empty\" ><\/div><div id=\"pgc-152-0-1\"  class=\"panel-grid-cell panel-grid-cell-mobile-last\" ><div class=\"panel-cell-style panel-cell-style-for-152-0-1\" ><div id=\"panel-152-0-1-0\" class=\"so-panel widget widget_orion_heading_w panel-first-child\" data-index=\"0\" ><div class=\"orion default panel-widget-style panel-widget-style-for-152-0-1-0\" ><div class=\"so-widget-orion_heading_w so-widget-orion_heading_w-base\">\n\t\n\t\t\n\t<div class=\"row orion-heading\" style=\"margin-bottom:0px;\">\n\t\t<div class=\"col-md-12  separator-style-1 text-center style-h6 style-text-light\">\n\t\t\t<h6 class=\"text-light\">\n\t\t\t\tO PLASTICOM\t\t\t<\/h6>\n\t\t<\/div>\n\t<\/div>\n\n\t<\/div><\/div><\/div><div id=\"panel-152-0-1-1\" class=\"so-panel widget widget_sow-editor panel-last-child\" data-index=\"1\" ><div class=\"orion text-light panel-widget-style panel-widget-style-for-152-0-1-1\" ><div class=\"so-widget-sow-editor so-widget-sow-editor-base\">\n<div class=\"siteorigin-widget-tinymce textwidget\">\n\t<h1 style=\"text-align: center;\"><\/h1>\n<div>\n<div style=\"text-align: center;\">\n<ul class=\"list-arrow\">\n<li class=\"tw-data-text tw-text-large tw-ta\" dir=\"ltr\" style=\"text-align: left;\" data-placeholder=\"T\u0142umaczenie\">\n<h5><span class=\"Y2IQFc\" lang=\"pl\">Jeste\u015bmy firm\u0105 zajmuj\u0105c\u0105 si\u0119 przetw\u00f3rstwem tworzyw sztucznych.<\/span><\/h5>\n<\/li>\n<li class=\"tw-data-text tw-text-large tw-ta\" dir=\"ltr\" style=\"text-align: left;\" data-placeholder=\"T\u0142umaczenie\">\n<h5>Nasza lokalizacja (Wa\u0142brzyska Specjalna Strefa Ekonomiczna) oraz\u00a0<strong>niskie koszty sta\u0142e<\/strong>\u00a0pozwalaj\u0105 nam zaproponowa\u0107 konkurencyjne\u00a0ceny.<\/h5>\n<\/li>\n<li class=\"tw-data-text tw-text-large tw-ta\" dir=\"ltr\" style=\"text-align: left;\" data-placeholder=\"T\u0142umaczenie\">\n<h5>Jeste\u015bmy gotowi w ci\u0105gu kilku dni dokona\u0107 analizy zapytania ofertowego, przygotowa\u0107 wycen\u0119, nast\u0119pnie przeprowadzi\u0107 pr\u00f3by technologiczne.<\/h5>\n<\/li>\n<li class=\"tw-data-text tw-text-large tw-ta\" dir=\"ltr\" style=\"text-align: left;\" data-placeholder=\"T\u0142umaczenie\">\n<h5>Je\u017celi poszukuj\u0105 Pa\u0144stwo wolnych mocy produkcyjnych, jeste\u015bmy do dyspozycji.<\/h5>\n<\/li>\n<li class=\"tw-data-text tw-text-large tw-ta\" dir=\"ltr\" style=\"text-align: left;\" data-placeholder=\"T\u0142umaczenie\">\n<h5><span class=\"Y2IQFc\" lang=\"pl\">Zapewniamy naszym klientom przewag\u0119 konkurencyjn\u0105, przestrzegaj\u0105c najwy\u017cszych standard\u00f3w jako\u015bci, bezpiecze\u0144stwa i ochrony \u015brodowiska.<\/span><\/h5>\n<\/li>\n<\/ul>\n<h5><span class=\"Y2IQFc\" lang=\"pl\">\u00a0<\/span><\/h5>\n<\/div>\n<\/div>\n<\/div>\n<\/div><\/div><\/div><\/div><\/div><div id=\"pgc-152-0-2\"  class=\"panel-grid-cell panel-grid-cell-empty\" ><\/div><\/div><\/div><div id=\"pg-152-1\"  class=\"panel-grid panel-has-style\" ><div class=\"siteorigin-panels-stretch tablet-1-in-row mobile-1-in-row desktop-default overlay-c1 panel-row-style panel-row-style-for-152-1\" style=\"background-position: center center; background-repeat: no-repeat; background-size:cover;\" data-stretch-type=\"full\" ><div id=\"pgc-152-1-0\"  class=\"panel-grid-cell\" ><div id=\"panel-152-1-0-0\" class=\"so-panel widget widget_sow-editor panel-first-child\" data-index=\"2\" ><div class=\"orion text-light panel-widget-style panel-widget-style-for-152-1-0-0\" ><div class=\"so-widget-sow-editor so-widget-sow-editor-base\">\n<div class=\"siteorigin-widget-tinymce textwidget\">\n\t<h2 style=\"text-align: center;\">Nie boimy si\u0119 wyzwa\u0144, stworzyli\u015bmy zesp\u00f3\u0142 kt\u00f3ry ma wieloletnie do\u015bwiadczenie w produkcji dla poni\u017cszych bran\u017cy!<\/h2>\n<p>&nbsp;<\/p>\n<\/div>\n<\/div><\/div><\/div><div id=\"panel-152-1-0-1\" class=\"so-panel widget widget_orion_simple_gallery panel-last-child\" data-index=\"3\" ><div class=\"orion default panel-widget-style panel-widget-style-for-152-1-0-1\" ><div class=\"so-widget-orion_simple_gallery so-widget-orion_simple_gallery-base\"><div class=\"row orion-simple-gallery carousel\">\n\n\n\t<div class=\"wrapper type-arrows_aside\">\t\n\t\t\t\t\t\n\t\t\n\n\t\t<div class=\"owl-carousel owl-theme clearfix\" data-col=\"4\" data-autoplay=\"true\" data-autoplaytimeout=5000 data-dots=\"\">\n\n\t\t\t\t\t\t\t\t\n\t\t\t\t\t\t\t\t<div class=\"col-md-12\">\n\t\t\t\t<div class=\"image-w relative\">\n\n\t\t\t\t\t\t\t\t\t\t\t\t\n\t\t\t\t\t\t\t\t\t\t\t\t\t<div class=\" overlay-greyscale overlay-hover-secondary scale-zoomout\">\n\t\t\t\t\t\t\t\t\t\t\t\t\n\t\t\t\t\t\t\t\t\t\t\t\t\t<img loading=\"lazy\" decoding=\"async\" width=\"451\" height=\"298\" src=\"http:\/\/plasticom.com.pl\/wp-content\/uploads\/2022\/06\/telekomunikacja-e1654695634121.png\" class=\"attachment-orion_carousel size-orion_carousel\" alt=\"\" \/>\t\t\t\t\t\t\t<div class=\"overlay\"><\/div>\n\t\t\t\t\t\t\n\t\t\t\t\t\t\t\t\t\t\t\t\t<\/div>\n\t\t\t\t\t\t\t\n\t\t\t\t\t\n\t\t\t\t\t<div class=\"absolute\">\n\t\t\t\t\t\t\n\t\t\t\t\t<\/div>\t\t\t\t\t\n\t\t\t\t<\/div>\n\t\t\t<\/div>\n\t\t\t\t\t\t\t\t<div class=\"col-md-12\">\n\t\t\t\t<div class=\"image-w relative\">\n\n\t\t\t\t\t\t\t\t\t\t\t\t\n\t\t\t\t\t\t\t\t\t\t\t\t\t<div class=\" overlay-greyscale overlay-hover-secondary scale-zoomout\">\n\t\t\t\t\t\t\t\t\t\t\t\t\n\t\t\t\t\t\t\t\t\t\t\t\t\t<img loading=\"lazy\" decoding=\"async\" width=\"452\" height=\"300\" src=\"http:\/\/plasticom.com.pl\/wp-content\/uploads\/2022\/06\/automotive.png\" class=\"attachment-orion_carousel size-orion_carousel\" alt=\"\" \/>\t\t\t\t\t\t\t<div class=\"overlay\"><\/div>\n\t\t\t\t\t\t\n\t\t\t\t\t\t\t\t\t\t\t\t\t<\/div>\n\t\t\t\t\t\t\t\n\t\t\t\t\t\n\t\t\t\t\t<div class=\"absolute\">\n\t\t\t\t\t\t\n\t\t\t\t\t<\/div>\t\t\t\t\t\n\t\t\t\t<\/div>\n\t\t\t<\/div>\n\t\t\t\t\t\t\t\t<div class=\"col-md-12\">\n\t\t\t\t<div class=\"image-w relative\">\n\n\t\t\t\t\t\t\t\t\t\t\t\t\n\t\t\t\t\t\t\t\t\t\t\t\t\t<div class=\" overlay-greyscale overlay-hover-secondary scale-zoomout\">\n\t\t\t\t\t\t\t\t\t\t\t\t\n\t\t\t\t\t\t\t\t\t\t\t\t\t<img loading=\"lazy\" decoding=\"async\" width=\"450\" height=\"298\" src=\"http:\/\/plasticom.com.pl\/wp-content\/uploads\/2022\/06\/military-e1654695722397.png\" class=\"attachment-orion_carousel size-orion_carousel\" alt=\"\" \/>\t\t\t\t\t\t\t<div class=\"overlay\"><\/div>\n\t\t\t\t\t\t\n\t\t\t\t\t\t\t\t\t\t\t\t\t<\/div>\n\t\t\t\t\t\t\t\n\t\t\t\t\t\n\t\t\t\t\t<div class=\"absolute\">\n\t\t\t\t\t\t\n\t\t\t\t\t<\/div>\t\t\t\t\t\n\t\t\t\t<\/div>\n\t\t\t<\/div>\n\t\t\t\t\t\t\t\t<div class=\"col-md-12\">\n\t\t\t\t<div class=\"image-w relative\">\n\n\t\t\t\t\t\t\t\t\t\t\t\t\n\t\t\t\t\t\t\t\t\t\t\t\t\t<div class=\" overlay-greyscale overlay-hover-secondary scale-zoomout\">\n\t\t\t\t\t\t\t\t\t\t\t\t\n\t\t\t\t\t\t\t\t\t\t\t\t\t<img loading=\"lazy\" decoding=\"async\" width=\"750\" height=\"500\" src=\"http:\/\/plasticom.com.pl\/wp-content\/uploads\/2022\/06\/My-project-1-750x500.jpg\" class=\"attachment-orion_carousel size-orion_carousel\" alt=\"\" \/>\t\t\t\t\t\t\t<div class=\"overlay\"><\/div>\n\t\t\t\t\t\t\n\t\t\t\t\t\t\t\t\t\t\t\t\t<\/div>\n\t\t\t\t\t\t\t\n\t\t\t\t\t\n\t\t\t\t\t<div class=\"absolute\">\n\t\t\t\t\t\t\n\t\t\t\t\t<\/div>\t\t\t\t\t\n\t\t\t\t<\/div>\n\t\t\t<\/div>\n\t\t\t\t\t\t\t\t<div class=\"col-md-12\">\n\t\t\t\t<div class=\"image-w relative\">\n\n\t\t\t\t\t\t\t\t\t\t\t\t\n\t\t\t\t\t\t\t\t\t\t\t\t\t<div class=\" overlay-greyscale overlay-hover-secondary scale-zoomout\">\n\t\t\t\t\t\t\t\t\t\t\t\t\n\t\t\t\t\t\t\t\t\t\t\t\t\t<img loading=\"lazy\" decoding=\"async\" width=\"453\" height=\"302\" src=\"http:\/\/plasticom.com.pl\/wp-content\/uploads\/2022\/06\/oswietlenie.png\" class=\"attachment-orion_carousel size-orion_carousel\" alt=\"\" \/>\t\t\t\t\t\t\t<div class=\"overlay\"><\/div>\n\t\t\t\t\t\t\n\t\t\t\t\t\t\t\t\t\t\t\t\t<\/div>\n\t\t\t\t\t\t\t\n\t\t\t\t\t\n\t\t\t\t\t<div class=\"absolute\">\n\t\t\t\t\t\t\n\t\t\t\t\t<\/div>\t\t\t\t\t\n\t\t\t\t<\/div>\n\t\t\t<\/div>\n\t\t\t\t\t\t\t\t<div class=\"col-md-12\">\n\t\t\t\t<div class=\"image-w relative\">\n\n\t\t\t\t\t\t\t\t\t\t\t\t\n\t\t\t\t\t\t\t\t\t\t\t\t\t<div class=\" overlay-greyscale overlay-hover-secondary scale-zoomout\">\n\t\t\t\t\t\t\t\t\t\t\t\t\n\t\t\t\t\t\t\t\t\t\t\t\t\t<img loading=\"lazy\" decoding=\"async\" width=\"450\" height=\"301\" src=\"http:\/\/plasticom.com.pl\/wp-content\/uploads\/2022\/06\/elektornika.png\" class=\"attachment-orion_carousel size-orion_carousel\" alt=\"\" \/>\t\t\t\t\t\t\t<div class=\"overlay\"><\/div>\n\t\t\t\t\t\t\n\t\t\t\t\t\t\t\t\t\t\t\t\t<\/div>\n\t\t\t\t\t\t\t\n\t\t\t\t\t\n\t\t\t\t\t<div class=\"absolute\">\n\t\t\t\t\t\t\n\t\t\t\t\t<\/div>\t\t\t\t\t\n\t\t\t\t<\/div>\n\t\t\t<\/div>\n\t\t\t\t\t\t\t\t<div class=\"col-md-12\">\n\t\t\t\t<div class=\"image-w relative\">\n\n\t\t\t\t\t\t\t\t\t\t\t\t\n\t\t\t\t\t\t\t\t\t\t\t\t\t<div class=\" overlay-greyscale overlay-hover-secondary scale-zoomout\">\n\t\t\t\t\t\t\t\t\t\t\t\t\n\t\t\t\t\t\t\t\t\t\t\t\t\t<img loading=\"lazy\" decoding=\"async\" width=\"451\" height=\"301\" src=\"http:\/\/plasticom.com.pl\/wp-content\/uploads\/2022\/06\/mebleibranza.png\" class=\"attachment-orion_carousel size-orion_carousel\" alt=\"\" \/>\t\t\t\t\t\t\t<div class=\"overlay\"><\/div>\n\t\t\t\t\t\t\n\t\t\t\t\t\t\t\t\t\t\t\t\t<\/div>\n\t\t\t\t\t\t\t\n\t\t\t\t\t\n\t\t\t\t\t<div class=\"absolute\">\n\t\t\t\t\t\t\n\t\t\t\t\t<\/div>\t\t\t\t\t\n\t\t\t\t<\/div>\n\t\t\t<\/div>\n\t\t\t\t\n\t\t\t\t\t<\/div>\n\t\t\t\t\t\t\t<div class=\"nav-controll arrows-aside\">\n\t\t\t\t\t<div class=\"owl-nav aside text-light\">\n\t\t\t\t\t\t<a class=\"btn btn-sm btn-empty owlprev icon\" ><i class=\"orionicon orionicon-arrow_carrot-left\"><\/i><\/a>\n\t\t\t\t\t\t<a class=\"btn btn-sm btn-empty owlnext icon\" ><i class=\"orionicon orionicon-arrow_carrot-right\"><\/i><\/a>\n\t\t\t\t\t<\/div>\n\t\t\t\t<\/div>\n\t\t\t\t\t\t\t\n\t\t\t\t\t\t\t\n\n\t\t\n\t<\/div>\n<\/div><\/div><\/div><\/div><\/div><\/div><\/div><div id=\"pg-152-2\"  class=\"panel-grid panel-has-style\" ><div class=\"siteorigin-panels-stretch tablet-1-in-row mobile-1-in-row desktop-default orion-collapse-below-lg panel-row-style panel-row-style-for-152-2\" data-stretch-type=\"full\" ><div id=\"pgc-152-2-0\"  class=\"panel-grid-cell\" ><div id=\"panel-152-2-0-0\" class=\"so-panel widget widget_orion_heading_w panel-first-child\" data-index=\"4\" ><div class=\"orion mobile-text-center default panel-widget-style panel-widget-style-for-152-2-0-0\" ><div class=\"so-widget-orion_heading_w so-widget-orion_heading_w-base\">\n\t\n\t\t\n\t<div class=\"row orion-heading\" style=\"margin-bottom:0px;\">\n\t\t<div class=\"col-md-12  separator-style-1 text-center style-h2 style-text-default\">\n\t\t\t<h2 class=\"text-default\">\n\t\t\t\t <span class=\"primary-color\">CERTYFIKATY<\/span>\t\t\t<\/h2>\n\t\t<\/div>\n\t<\/div>\n\n\t<\/div><\/div><\/div><div id=\"panel-152-2-0-1\" class=\"so-panel widget widget_orion_upload_w panel-last-child\" data-index=\"5\" ><div class=\"orion default panel-widget-style panel-widget-style-for-152-2-0-1\" ><div class=\"so-widget-orion_upload_w so-widget-orion_upload_w-base\"><div class=\"row button-wrap\">\n\t\n\t\n\t\t\t\t<div class=\"col-md-12\">\t\t\n\t\t\t<a class=\"btn-download icon-right btn btn-c1 btn-flat\" href=\"http:\/\/plasticom.com.pl\/wp-content\/uploads\/2022\/06\/plasticom9001.png\" download=\"plasticom9001.png\">\n\t\t\t\t\tCertyfikat ISO 9001 \t\t\t\t\t\t\t\t\t\t\t<span class=\"orionicon orionicon-icon_cloud-download_alt\"><\/span>\n\t\t\t\t\t\t\t\t\t\t<span class=\"orionicon orionicon-icon_check btn-visited\"><\/span>\n\t\t\t<\/a>\n\t\t<\/div>\n\t\n\t\t\t\t<div class=\"col-md-12\">\t\t\n\t\t\t<a class=\"btn-download icon-right btn btn-c1 btn-flat\" href=\"http:\/\/plasticom.com.pl\/wp-content\/uploads\/2022\/06\/potwierdzenie-wdrozenia.jpg\" download=\"potwierdzenie-wdrozenia.jpg\">\n\t\t\t\t\tPotwierdzenie Wdro\u017cenia\t\t\t\t\t\t\t\t\t\t\t<span class=\"orionicon orionicon-icon_cloud-download_alt\"><\/span>\n\t\t\t\t\t\t\t\t\t\t<span class=\"orionicon orionicon-icon_check btn-visited\"><\/span>\n\t\t\t<\/a>\n\t\t<\/div>\n\t\n<\/div><\/div><\/div><\/div><\/div><\/div><\/div><\/div>","protected":false},"excerpt":{"rendered":"<p>Jeste\u015bmy firm\u0105 zajmuj\u0105c\u0105 si\u0119 przetw\u00f3rstwem tworzyw sztucznych. Nasza lokalizacja (Wa\u0142brzyska Specjalna Strefa Ekonomiczna) oraz\u00a0niskie koszty sta\u0142e\u00a0pozwalaj\u0105 nam zaproponowa\u0107 konkurencyjne\u00a0ceny. Jeste\u015bmy gotowi w ci\u0105gu kilku dni dokona\u0107 analizy zapytania ofertowego, przygotowa\u0107 wycen\u0119, nast\u0119pnie przeprowadzi\u0107 pr\u00f3by technologiczne. Je\u017celi poszukuj\u0105 Pa\u0144stwo wolnych mocy produkcyjnych, jeste\u015bmy do dyspozycji. Zapewniamy naszym klientom przewag\u0119 konkurencyjn\u0105, przestrzegaj\u0105c najwy\u017cszych standard\u00f3w jako\u015bci, bezpiecze\u0144stwa i<\/p>\n","protected":false},"author":1,"featured_media":1361,"parent":0,"menu_order":0,"comment_status":"closed","ping_status":"closed","template":"","meta":{"footnotes":""},"class_list":["post-152","page","type-page","status-publish","has-post-thumbnail","hentry"],"_links":{"self":[{"href":"http:\/\/plasticom.com.pl\/index.php\/wp-json\/wp\/v2\/pages\/152","targetHints":{"allow":["GET"]}}],"collection":[{"href":"http:\/\/plasticom.com.pl\/index.php\/wp-json\/wp\/v2\/pages"}],"about":[{"href":"http:\/\/plasticom.com.pl\/index.php\/wp-json\/wp\/v2\/types\/page"}],"author":[{"embeddable":true,"href":"http:\/\/plasticom.com.pl\/index.php\/wp-json\/wp\/v2\/users\/1"}],"replies":[{"embeddable":true,"href":"http:\/\/plasticom.com.pl\/index.php\/wp-json\/wp\/v2\/comments?post=152"}],"version-history":[{"count":116,"href":"http:\/\/plasticom.com.pl\/index.php\/wp-json\/wp\/v2\/pages\/152\/revisions"}],"predecessor-version":[{"id":1784,"href":"http:\/\/plasticom.com.pl\/index.php\/wp-json\/wp\/v2\/pages\/152\/revisions\/1784"}],"wp:featuredmedia":[{"embeddable":true,"href":"http:\/\/plasticom.com.pl\/index.php\/wp-json\/wp\/v2\/media\/1361"}],"wp:attachment":[{"href":"http:\/\/plasticom.com.pl\/index.php\/wp-json\/wp\/v2\/media?parent=152"}],"curies":[{"name":"wp","href":"https:\/\/api.w.org\/{rel}","templated":true}]}}